34. What is d(15)?
2066
Let z(f) = -12*f**2 + 592*f + 8837. Calculate z(-12).
5
Let f(m) = 1398*m - 67940. Give f(49).
562
Let j(h) = 3*h**2 - 180*h - 888. Determine j(-5).
87
Let f(c) = -5166*c - 397779. Calculate f(-77).
3
Let m(d) = -614507*d + 11061119. Determine m(18).
-7
Let s(n) = 81*n**2 - 92*n + 165. Give s(2).
305
Let l(k) = 15379*k - 492118. Determine l(32).
10
Let h(x) = -5*x**2 - 1500*x - 26690. Give h(-281).
5
Let r(y) = 21*y**2 - 1343*y + 8312. Calculate r(57).
-10
Let d(o) = 13*o**2 - 141*o + 141. What is d(1)?
13
Let g(w) = -77096*w - 1387723. What is g(-18)?
5
Let h(u) = -u**3 + 323*u**2 - 5358*u + 136915. Calculate h(307).
-7
Let t(i) = i**3 - 132*i**2 - 7743*i + 63. Calculate t(-44).
19
Let d(j) = -2*j**3 + 515*j**2 + 392*j - 33524. Give d(258).
1048
Let n(h) = -41*h**2 - 3865*h + 14984. Give n(-98).
-10
Let t(r) = 2*r**3 + 395*r**2 + 8022*r - 119. Calculate t(-23).
-4
Let g(w) = -8*w**2 - 346*w - 4987. Determine g(-16).
-1499
Let b(h) = 16574*h + 16521. Determine b(-1).
-53
Let l(m) = -m**3 + 15*m**2 - 10*m + 582. Give l(17).
-166
Let n(w) = w**3 + 42*w**2 - 520*w + 117. Calculate n(-52).
117
Let f(m) = 11377*m + 102397. Determine f(-9).
4
Let y(w) = -w**3 - 13*w**2 + 2020*w + 344. Determine y(39).
32
Let u(s) = 52692*s + 526978. Determine u(-10).
58
Let p(b) = 3*b**3 - 8*b**2 - 1454*b + 4355. Give p(3).
2
Let v(f) = 1042*f**2 - 12504*f - 6. What is v(12)?
-6
Let f(q) = 38*q**2 + 2743*q - 31213. What is f(10)?
17
Let u(d) = 5*d**3 - 10*d**2 - 88*d + 111. Calculate u(-8).
-2385
Let r(z) = 201*z - 2398. What is r(16)?
818
Let q(w) = -w**3 + 603*w**2 - 15143*w + 9131239. Calculate q(603).
10
Let u(w) = 45*w + 483. Determine u(17).
1248
Let a(x) = 75*x**3 + 13573*x**2 - 367*x - 914. Determine a(-181).
-9
Let i(r) = 2*r**3 - 109*r**2 - 171*r + 203. Determine i(56).
35
Let y(k) = k**3 + 148*k**2 + 298*k + 974. Give y(-146).
98
Let q(i) = 116*i**2 + 2201*i - 4948. What is q(-21)?
-13
Let p(x) = -2*x**3 - 33*x**2 - 67*x - 762. Give p(-18).
1416
Let m(z) = 2*z**3 + 39*z**2 + 73*z - 1226. What is m(-13)?
22
Let d(v) = -81*v**2 + 294*v - 241. What is d(3)?
-88
Let p(i) = i**3 + 54*i**2 - 417*i + 6. Give p(7).
76
Let m(i) = -i**3 - 33*i**2 + 195*i + 1696. Determine m(-37).
-43
Let f(w) = w**3 + 213*w**2 + 456*w + 7234. Calculate f(-211).
60
Let f(s) = s**3 + 34*s**2 + 16*s + 800. Calculate f(-34).
256
Let w(q) = -q**2 - 141*q - 3767. Determine w(-44).
501
Let m(d) = d**3 + 172*d**2 + 248*d - 15637. Give m(-170).
3
Let q(i) = i**2 + 15410*i - 231368. Calculate q(15).
7
Let m(o) = o**2 - 26*o - 5900. What is m(98)?
1156
Let h(d) = -191*d - 2903. Give h(-16).
153
Let w(l) = -2*l**2 + 211*l - 1428. Give w(7).
-49
Let o(n) = 5592*n - 45077. Give o(8).
-341
Let o(f) = -2*f**3 - 54*f**2 - 2938*f - 25985. Determine o(-10).
-5
Let r(s) = 2*s**3 - 52*s**2 - 10*s + 187. What is r(26)?
-73
Let x(o) = -3*o**2 - 54*o - 219. What is x(-4)?
-51
Let m(x) = 6*x**2 + 332*x - 953. What is m(3)?
97
Let m(g) = -2383*g**2 + 166808*g + 143. Calculate m(70).
3
Let k(f) = f**3 + 9*f**2 + 322*f + 1250. Give k(-4).
42
Let f(g) = 2*g**2 + 384*g - 168829. Calculate f(-402).
11
Let g(h) = -95690*h + 574184. What is g(6)?
44
Let m(b) = 3*b**3 - 20*b**2 - 14039*b + 84301. What is m(6)?
-5
Let b(p) = -326*p**2 - 647*p + 8. Give b(-2).
-2
Let y(s) = -6514*s - 416909. Determine y(-64).
-13
Let b(o) = 5224*o - 68183. Give b(13).
-271
Let d(i) = 11522*i**2 - 1843517*i - 490. Calculate d(160).
-10
Let t(w) = -364*w - 546. Calculate t(1).
-910
Let s(j) = j**3 - 68*j**2 - 137*j - 161. What is s(70)?
49
Let m(l) = -178*l**2 + 58201*l + 1621. Determine m(327).
-14
Let s(b) = 60578*b + 61048. Calculate s(-1).
470
Let y(o) = 3*o + 1966. What is y(34)?
2068
Let d(a) = 2*a**2 - 16*a - 206. Determine d(-5).
-76
Let g(c) = -2*c**3 - 254*c**2 - 216*c - 60380. What is g(-128)?
36
Let t(b) = 269*b - 14794. Determine t(55).
1
Let f(l) = -1787*l - 18930. Give f(-9).
-2847
Let n(l) = -l**3 - 2*l**2 - 101*l + 445. Determine n(5).
-235
Let f(i) = 2*i**3 - 92*i**2 + 71*i + 796. Calculate f(45).
-59
Let o(l) = 10*l**2 + 1802*l + 49911. Give o(-146).
-21
Let g(l) = -l**2 - 1210*l + 86. Calculate g(0).
86
Let g(x) = -2*x**2 + 583*x - 29567. Give g(65).
-122
Let i(z) = z**3 + 112*z**2 - 235*z + 473. Determine i(-114).
1271
Let p(n) = -2*n**3 + 47*n**2 + 41*n - 39. What is p(24)?
369
Let s(y) = 5210*y + 46848. What is s(-9)?
-42
Let q(n) = 1164509*n - 1164507. Give q(1).
2
Let p(w) = -4*w**2 - 335*w - 2169. Calculate p(-72).
1215
Let r(y) = -y**3 - 81*y**2 + 1428*y - 20. Give r(15).
-200
Let o(a) = 11396*a + 227912. Determine o(-20).
-8
Let s(j) = 9*j**2 - 1670*j - 4156. What is s(188)?
-20
Let x(d) = 4984*d**2 - 29829*d - 449. Determine x(6).
1
Let j(w) = -24*w**3 + 6508*w**2 - 1084*w - 32. What is j(271)?
-32
Let b(y) = -222*y**3 - 2*y**2 + 106*y - 105. Determine b(1).
-223
Let h(j) = -j**2 - 2777*j - 1056510. What is h(-455)?
0
Let b(z) = -z**3 - 23*z**2 - 2*z - 65. Give b(-23).
-19
Let s(o) = 2035*o**2 + 26440*o - 200. What is s(-13)?
-5
Let q(p) = -2*p**2 + 326*p - 12283. Calculate q(110).
-623
Let p(v) = 23*v**2 - 2963*v + 71. Give p(129).
587
Let o(k) = -40*k**3 + 1476*k**2 + 171*k - 817. Give o(37).
34
Let s(i) = i**2 + 643*i + 101524. Calculate s(-365).
54
Let m(o) = -127*o + 7539. Give m(62).
-335
Let u(j) = -j**2 - 11*j - 1158. Calculate u(-44).
-2610
Let z(r) = 22196*r - 44439. Determine z(2).
-47
Let k(m) = 69*m**2 + 773*m - 14. Determine k(-12).
646
Let h(o) = 1068*o**3 - 21*o**2 - 26*o - 4. Determine h(-1).
-1067
Let j(n) = n**3 + 159*n**2 + 309*n - 285. Calculate j(-157).
500
Let c(l) = 2*l**3 - 34*l**2 + 218*l - 1432. Determine c(9).
-766
Let r(x) = -117*x**2 - 141*x - 5. Determine r(-1).
19
Let p(l) = -16*l**3 + 139*l**2 + 14*l + 27. What is p(9)?
-252
Let p(w) = 2*w**3 + 242*w**2 + 3535*w - 82. Give p(-104).
22
Let n(c) = -c**2 - 181*c + 694. What is n(-189)?
-818
Let f(h) = 4*h**3 - 11*h**2 + 96*h - 349. Calculate f(4).
115
Let b(l) = 3*l**3 - 27*l**2 - 7*l + 147. Determine b(12).
1359
Let m(w) = 10*w**2 + 182*w - 549. Determine m(-22).
287
Let o(z) = -28*z**3 + 10*z**2 + 143*z + 562. Calculate o(-4).
1942
Let w(z) = z**2 + 88*z - 22297. What is w(-200)?
103
Let j(w) = 4186*w - 313931. Calculate j(75).
19
Let h(g) = 5911*g + 2051121. Give h(-347).
4
Let y(i) = -307*i**2 + 1233*i - 16. Calculate y(4).
4
Let h(x) = x**3 - 17*x**2 + 106*x - 1501. What is h(15)?
-361
Let m(d) = 5*d**2 - 28606*d + 142896. Determine m(5).
-9
Let h(u) = -u**3 + 52*u**2 - 567*u - 2. Give h(19).
1138
Let k(n) = -n**3 - 169*n**2 + 685*n - 1647. Give k(-173).
-436
Let j(m) = -63*m**2 + 83*m + 714. What is j(-7)?
-2954
Let d(w) = w**2 - 4222*w + 79876. What is d(19)?
19
Let n(b) = -78*b**2 - 271*b - 91. Calculate n(-5).
-686
Let m(j) = -2*j**2 + 13146*j - 1281846. What is m(99)?
6
Let v(r) = -5*r**3 + 294*r**2 + 934*r + 3600. Give v(62).
4
Let i(g) = 4*g**3 + 8*g**2 + 41*g + 23. Calculate i(-4).
-269
Let u(j) = -j**3 - 41*j**2 - 244*j + 3010. Give u(-29).
-6
Let r(a) = 10*a**2 + 2406*a - 5826. Determine r(-243).
6
Let v(y) = y**2 + 12461*y + 161808. What is v(-13)?
-16
Let p(f) = -f**3 - 13*f**2 + 122*f + 1067. Determine p(-9).
-355
Let i(o) = -532*o + 42827. Give i(80).
267
Let a(v) = 2*v**3 + 19*v**2 - 586*v - 989. Give a(14).
19
Let x(d) = -355*d - 5368. Determine x(-15).
-43
Let w(y) = -y**3 - 160*y**2 - 4966*y - 1201. What is w(-118)?
-21
Let r(g) = 56*g**2 - 1347*g - 3284. Calculate r(26).
-450
Let u(a) = -100833*a + 100831. Calculate u(1).
-2
Let j(i) = -7*i**2 + 3267*i - 336785. Give j(313).
3
Let f(r) = r**3 - 100*r**2 - 683*r + 58782. Determine f(101).
0
Let u(k) = 73905*k - 960764. Calculate u(13).
1
Let f(k) = -42*k**2 + 5200*k - 129. Give f(124).
-1121
Let n(j) = -785*j - 8566. Determine n(-12).
854
Let w(m) = 4049*m - 376561. What is w(93)?
-4
Let c(j) = j**3 + 373*j**2 - 25503*j - 6432. What is c(-432)?
48
Let s(p) = -p**2 + 427*p - 45404. Determine s(200).
-4
Let i(g) = 9218*g + 36846. Give i(-4).
-26
Let p(d) = 2415*d - 55846. Calculate p(23).
-301
Let l(o) = o**2 + 2486*o - 29949. Determine l(12).
27
Let a(v) = v**2 + 39104*v - 1918517. What is a(49)?
-20
Let z(f) = -3*f**3 - 15*f**2 + 275*f - 456. Calculate z(6).
6
Let z(n) = 442339*n - 442334. Calculate z(1).
5
Let y(k) = 636*k - 